{"id":299,"date":"2022-02-02T09:17:48","date_gmt":"2022-02-02T08:17:48","guid":{"rendered":"https:\/\/clairet-de-quinsac.com\/?page_id=299"},"modified":"2022-02-02T09:50:33","modified_gmt":"2022-02-02T08:50:33","slug":"mentions-legales","status":"publish","type":"page","link":"https:\/\/clairet-de-quinsac.com\/index.php\/mentions-legales\/","title":{"rendered":"Mentions l\u00e9gales"},"content":{"rendered":"<div class=\"fusion-fullwidth fullwidth-box fusion-builder-row-1 fusion-flex-container nonhundred-percent-fullwidth non-hundred-percent-height-scrolling\" style=\"background-color: rgba(255,255,255,0);background-position: center center;background-repeat: no-repeat;border-width: 0px 0px 0px 0px;border-color:var(--awb-color3);border-style:solid;\" ><div class=\"fusion-builder-row fusion-row fusion-flex-align-items-flex-start\" style=\"max-width:1248px;margin-left: calc(-4% \/ 2 );margin-right: calc(-4% \/ 2 );\"><div class=\"fusion-layout-column fusion_builder_column fusion-builder-column-0 fusion_builder_column_1_1 1_1 fusion-flex-column\"><div class=\"fusion-column-wrapper fusion-flex-justify-content-flex-start fusion-content-layout-column\" style=\"background-position:left top;background-repeat:no-repeat;-webkit-background-size:cover;-moz-background-size:cover;-o-background-size:cover;background-size:cover;padding: 0px 0px 0px 0px;\"><style type=\"text\/css\">@media only screen and (max-width:1024px) {.fusion-title.fusion-title-1{margin-top:10px!important; margin-right:0px!important;margin-bottom:15px!important;margin-left:0px!important;}}@media only screen and (max-width:640px) {.fusion-title.fusion-title-1{margin-top:10px!important; margin-right:0px!important;margin-bottom:10px!important; margin-left:0px!important;}}<\/style><div class=\"fusion-title title fusion-title-1 fusion-sep-none fusion-title-text fusion-title-size-one\" style=\"margin-top:10px;margin-right:0px;margin-bottom:15px;margin-left:0px;\"><h1 class=\"title-heading-left fusion-responsive-typography-calculated\" style=\"margin:0;--fontSize:64;line-height:var(--awb-typography1-line-height);\">Mentions l\u00e9gales<\/h1><\/div><div class=\"fusion-text fusion-text-1\"><p>Editeur : Ce site Internet https:\/\/clairet-de-quinsac.com\/ est la propri\u00e9t\u00e9 de la soci\u00e9t\u00e9 CAVE DE QUINSAC dont le si\u00e8ge social est situ\u00e9 \u00e0 33360 &#8211; QUINSAC &#8211; FRANCE.<\/p>\n<p>Pour toute information li\u00e9e \u00e0 l&rsquo;utilisation ou au fonctionnement du site www.cave-de-quinsac.com, merci de contacter \u00e0 cette adresse mail : contact@cave-de-quinsac.com<\/p>\n<p>H\u00e9bergement :<\/p>\n<p>OVH Cloud <\/p>\n<p>https:\/\/www.ovhcloud.com\/fr\/<\/p>\n<p>Droits : L&rsquo;ensemble des textes, images, animations et logos qui constituent le site internet https:\/\/clairet-de-quinsac.com\/ (et tous ses sites rattach\u00e9s \u00e0 ce nom de domaine) sont la propri\u00e9t\u00e9 exclusive de la soci\u00e9t\u00e9 CAVE DE QUINSAC sauf autorisation de publication explicite. Toute reproduction, traduction et\/ou transformation, partielle ou int\u00e9grale, adaptation ou transfert sur un autre support ou site web sont strictement interdits, sauf autorisation expresse de la soci\u00e9t\u00e9 CAVE DE QUINSAC. A titre exceptionnel, la soci\u00e9t\u00e9 CAVE DE QUINSAC peut autoriser express\u00e9ment la reproduction exacte d\u2019une ou de plusieurs parties du site, \u00e0 des fins strictement priv\u00e9es. Conform\u00e9ment \u00e0 la r\u00e9glementation fran\u00e7aise (article 24 de la Loi n\u00b078\/17 du 6 janvier 1978) et internationale sur la propri\u00e9t\u00e9 intellectuelle, toute utilisation non express\u00e9ment autoris\u00e9e constitue une infraction qui expose son auteur \u00e0 des poursuites judiciaires. Donn\u00e9es personnelles : Toute personne r\u00e9pertori\u00e9e sur notre site dispose \u00e0 tout moment d&rsquo;un droit d&rsquo;acc\u00e8s, de rectification et de suppression des informations la concernant. Merci d\u2019adresser une demande \u00e9crite \u00e0 la soci\u00e9t\u00e9 CAVE DE QUINSAC &#8211; 33360 &#8211; QUINSAC &#8211; FRANCE.<\/p>\n<p>Responsabilit\u00e9 : Nous ne pouvons garantir l&rsquo;exactitude des informations diffus\u00e9es sur le site internet de la soci\u00e9t\u00e9 CAVE DE QUINSAC, ni \u00eatre tenu pour responsable des suites de leur utilisation par les internautes.<\/p>\n<p>Le site internet de la soci\u00e9t\u00e9 CAVE DE QUINSAC peut diffuser un certain de nombre de liens vers d\u2019autres sites Internet.<\/p>\n<p>Toutefois, il ne peut \u00eatre tenu pour responsable d\u2019informations diffus\u00e9es sur ces sites ou de tout pr\u00e9judice survenu des suites de l&rsquo;utilisation de biens ou services mis \u00e0 disposition sur ces sites.<\/p>\n<p>Conception et r\u00e9alisation du site :<\/p>\n<p>Marie Lurton Studio<\/p>\n<p>marielurton.studio@gmail.com<\/p><\/p>\n<\/div><\/div><style type=\"text\/css\">.fusion-body .fusion-builder-column-0{width:100% !important;margin-top : 0px;margin-bottom : 20px;}.fusion-builder-column-0 > .fusion-column-wrapper {padding-top : 0px !important;padding-right : 0px !important;margin-right : 1.92%;padding-bottom : 0px !important;padding-left : 0px !important;margin-left : 1.92%;}@media only screen and (max-width:1024px) {.fusion-body .fusion-builder-column-0{width:100% !important;order : 0;}.fusion-builder-column-0 > .fusion-column-wrapper {margin-right : 1.92%;margin-left : 1.92%;}}@media only screen and (max-width:640px) {.fusion-body .fusion-builder-column-0{width:100% !important;order : 0;}.fusion-builder-column-0 > .fusion-column-wrapper {margin-right : 1.92%;margin-left : 1.92%;}}<\/style><\/div><\/div><style type=\"text\/css\">.fusion-body .fusion-flex-container.fusion-builder-row-1{ padding-top : 0px;margin-top : 0px;padding-right : 0px;padding-bottom : 0px;margin-bottom : 0px;padding-left : 0px;}<\/style><\/div>\n","protected":false},"excerpt":{"rendered":"","protected":false},"author":1,"featured_media":0,"parent":0,"menu_order":0,"comment_status":"closed","ping_status":"closed","template":"","meta":[],"_links":{"self":[{"href":"https:\/\/clairet-de-quinsac.com\/index.php\/wp-json\/wp\/v2\/pages\/299"}],"collection":[{"href":"https:\/\/clairet-de-quinsac.com\/index.php\/wp-json\/wp\/v2\/pages"}],"about":[{"href":"https:\/\/clairet-de-quinsac.com\/index.php\/wp-json\/wp\/v2\/types\/page"}],"author":[{"embeddable":true,"href":"https:\/\/clairet-de-quinsac.com\/index.php\/wp-json\/wp\/v2\/users\/1"}],"replies":[{"embeddable":true,"href":"https:\/\/clairet-de-quinsac.com\/index.php\/wp-json\/wp\/v2\/comments?post=299"}],"version-history":[{"count":1,"href":"https:\/\/clairet-de-quinsac.com\/index.php\/wp-json\/wp\/v2\/pages\/299\/revisions"}],"predecessor-version":[{"id":300,"href":"https:\/\/clairet-de-quinsac.com\/index.php\/wp-json\/wp\/v2\/pages\/299\/revisions\/300"}],"wp:attachment":[{"href":"https:\/\/clairet-de-quinsac.com\/index.php\/wp-json\/wp\/v2\/media?parent=299"}],"curies":[{"name":"wp","href":"https:\/\/api.w.org\/{rel}","templated":true}]}}